{"id":631,"date":"2021-10-29T20:23:24","date_gmt":"2021-10-29T18:23:24","guid":{"rendered":"https:\/\/adrianavancova.eu\/?page_id=631"},"modified":"2024-12-11T03:08:39","modified_gmt":"2024-12-11T02:08:39","slug":"o-mne","status":"publish","type":"page","link":"https:\/\/adrianavancova.eu\/?page_id=631","title":{"rendered":"O mne"},"content":{"rendered":"\n<div style=\"height:0px\" aria-hidden=\"true\" class=\"wp-block-spacer\"><\/div>\n\n\n\n<p class=\"has-normal-font-size\" style=\"font-style:normal;font-weight:300\">Po dlh\u0161ej pracovnej odmlke som sa v \u017eivote dostala do bodu, kedy som sa t\u00fa\u017eila sta\u0165 s\u00fa\u010das\u0165ou IT sveta. I ke\u010f som urputne h\u013eadala vstupn\u00fa br\u00e1nu do &#8222;Narnie&#8220; informa\u010dn\u00fdch technol\u00f3gii, m\u00f4j \u0161atn\u00edk \u0148ou zjavne nebol. Preto mi ost\u00e1valo len na sebe pracova\u0165 a h\u013eada\u0165 si vlastn\u00fa cestu.<\/p>\n\n\n\n<p class=\"has-normal-font-size\" style=\"font-style:normal;font-weight:300\">Zamilovala som si <strong>UX a Service Design<\/strong>. Moj\u00edm cie\u013eom je navrhova\u0165 a tvori\u0165 veci, ktor\u00e9 s\u00fa v prvom rade <strong>\u013eahko pou\u017eite\u013en\u00e9<\/strong> a <strong>prin\u00e1\u0161aj\u00face hodnotu<\/strong>.<\/p>\n\n\n\n<div style=\"height:\" aria-hidden=\"true\" class=\"wp-block-spacer\"><\/div>\n\n\n\n<p class=\"has-normal-font-size\" style=\"font-style:normal;font-weight:300\">Pod\u013ea v\u0161etk\u00e9ho trp\u00edm <strong>kritick\u00fdm a analytick\u00fdm myslen\u00edm<\/strong>. V\u017edy sa sna\u017e\u00edm n\u00e1js\u0165 rozumn\u00e9 a praktick\u00e9 rie\u0161enia probl\u00e9mov.<\/p>\n\n\n\n<div style=\"height:\" aria-hidden=\"true\" class=\"wp-block-spacer\"><\/div>\n\n\n\n<p class=\"has-normal-font-size\" style=\"font-style:normal;font-weight:300\">Prakticky polovicu \u017eivota som sa venovala basketbalu. Okrem in\u00e9ho ma nau\u010dil <strong>spolupracova\u0165 <\/strong>s ostatn\u00fdmi, navz\u00e1jom sa <strong>podporova\u0165 a spolieha\u0165 <\/strong>sa jeden na druh\u00e9ho.&nbsp;<\/p>\n\n\n\n<div style=\"height:\" aria-hidden=\"true\" class=\"wp-block-spacer\"><\/div>\n\n\n\n<p class=\"has-normal-font-size\" style=\"font-style:normal;font-weight:300\">Hoci mi ch\u00fdba dlhoro\u010dn\u00e1 prax, rozhodne mi nech\u00fdba <strong>chu\u0165 u\u010di\u0165 sa<\/strong>. Moment\u00e1lne pracujem pre medzin\u00e1rodn\u00fa spolo\u010dnos\u0165 Alma Career, kde z\u00edskavam st\u00e1le nov\u00e9 sk\u00fasenosti z re\u00e1lneho sveta.<\/p>\n\n\n\n<p class=\"has-normal-font-size\" style=\"font-style:normal;font-weight:300\">V minulosti som uprednost\u0148ovala humanitn\u00e9 vedy a technol\u00f3gi\u00e1m som sa sk\u00f4r vyh\u00fdbala. Av\u0161ak, u\u017e som zistila, \u017ee ak sa tieto dve odvetvia spoja, m\u00f4\u017eu vznikn\u00fa\u0165 v\u00fdnimo\u010dn\u00e9 inov\u00e1cie prin\u00e1\u0161aj\u00face mnoh\u00e9 benefity. <\/p>\n\n\n\n<div style=\"height:10px\" aria-hidden=\"true\" class=\"wp-block-spacer\"><\/div>\n\n\n\n<div class=\"wp-block-columns is-layout-flex wp-container-core-columns-is-layout-28f84493 wp-block-columns-is-layout-flex\">\n<div class=\"wp-block-column is-layout-flow wp-block-column-is-layout-flow\"><\/div>\n<\/div>\n\n\n\n<div style=\"height:10px\" aria-hidden=\"true\" class=\"wp-block-spacer\"><\/div>\n\n\n\n<div style=\"height:0px\" aria-hidden=\"true\" class=\"wp-block-spacer\"><\/div>\n\n\n\n<div class=\"wp-block-buttons alignwide is-content-justification-center is-layout-flex wp-container-core-buttons-is-layout-a00d4e8f wp-block-buttons-is-layout-flex\"><\/div>\n\n\n\n<figure class=\"wp-block-image alignfull size-large full-width\"><img fetchpriority=\"high\" decoding=\"async\" width=\"1024\" height=\"527\" src=\"https:\/\/adrianavancova.eu\/wp-content\/uploads\/Desktop-2-min-1024x527.png\" alt=\"\" class=\"wp-image-1744\" srcset=\"https:\/\/adrianavancova.eu\/wp-content\/uploads\/Desktop-2-min-1024x527.png 1024w, https:\/\/adrianavancova.eu\/wp-content\/uploads\/Desktop-2-min-300x154.png 300w, https:\/\/adrianavancova.eu\/wp-content\/uploads\/Desktop-2-min-768x395.png 768w, https:\/\/adrianavancova.eu\/wp-content\/uploads\/Desktop-2-min.png 1440w\" sizes=\"(max-width: 1024px) 100vw, 1024px\" \/><\/figure>\n","protected":false},"excerpt":{"rendered":"<p>Po dlh\u0161ej pracovnej odmlke som sa v \u017eivote dostala do bodu, kedy som sa t\u00fa\u017eila sta\u0165 s\u00fa\u010das\u0165ou IT sveta. I ke\u010f som urputne h\u013eadala vstupn\u00fa br\u00e1nu do &#8222;Narnie&#8220; informa\u010dn\u00fdch technol\u00f3gii, m\u00f4j \u0161atn\u00edk \u0148ou zjavne nebol. Preto mi ost\u00e1valo len na sebe pracova\u0165 a h\u013eada\u0165 si vlastn\u00fa cestu. Zamilovala som si UX a Service Design. Moj\u00edm cie\u013eom je navrhova\u0165 a tvori\u0165 veci, ktor\u00e9 s\u00fa v prvom rade \u013eahko pou\u017eite\u013en\u00e9 a prin\u00e1\u0161aj\u00face hodnotu. Pod\u013ea v\u0161etk\u00e9ho trp\u00edm kritick\u00fdm a analytick\u00fdm myslen\u00edm. V\u017edy sa sna\u017e\u00edm n\u00e1js\u0165 rozumn\u00e9 a praktick\u00e9 rie\u0161enia probl\u00e9mov. Prakticky polovicu \u017eivota som sa venovala basketbalu. Okrem in\u00e9ho ma nau\u010dil spolupracova\u0165 s<\/p>\n","protected":false},"author":1,"featured_media":0,"parent":0,"menu_order":0,"comment_status":"closed","ping_status":"closed","template":"","meta":{"footnotes":""},"class_list":["post-631","page","type-page","status-publish","hentry"],"_links":{"self":[{"href":"https:\/\/adrianavancova.eu\/index.php?rest_route=\/wp\/v2\/pages\/631","targetHints":{"allow":["GET"]}}],"collection":[{"href":"https:\/\/adrianavancova.eu\/index.php?rest_route=\/wp\/v2\/pages"}],"about":[{"href":"https:\/\/adrianavancova.eu\/index.php?rest_route=\/wp\/v2\/types\/page"}],"author":[{"embeddable":true,"href":"https:\/\/adrianavancova.eu\/index.php?rest_route=\/wp\/v2\/users\/1"}],"replies":[{"embeddable":true,"href":"https:\/\/adrianavancova.eu\/index.php?rest_route=%2Fwp%2Fv2%2Fcomments&post=631"}],"version-history":[{"count":144,"href":"https:\/\/adrianavancova.eu\/index.php?rest_route=\/wp\/v2\/pages\/631\/revisions"}],"predecessor-version":[{"id":1974,"href":"https:\/\/adrianavancova.eu\/index.php?rest_route=\/wp\/v2\/pages\/631\/revisions\/1974"}],"wp:attachment":[{"href":"https:\/\/adrianavancova.eu\/index.php?rest_route=%2Fwp%2Fv2%2Fmedia&parent=631"}],"curies":[{"name":"wp","href":"https:\/\/api.w.org\/{rel}","templated":true}]}}

<div style="height:0px" aria-hidden="true" class="wp-block-spacer"></div>



<p class="has-normal-font-size" style="font-style:normal;font-weight:300">Po dlhšej pracovnej odmlke som sa v živote dostala do bodu, kedy som sa túžila stať súčasťou IT sveta. I keď som urputne hľadala vstupnú bránu do &#8222;Narnie&#8220; informačných technológii, môj šatník ňou zjavne nebol. Preto mi ostávalo len na sebe pracovať a hľadať si vlastnú cestu.</p>



<p class="has-normal-font-size" style="font-style:normal;font-weight:300">Zamilovala som si <strong>UX a Service Design</strong>. Mojím cieľom je navrhovať a tvoriť veci, ktoré sú v prvom rade <strong>ľahko použiteľné</strong> a <strong>prinášajúce hodnotu</strong>.</p>



<div style="height:" aria-hidden="true" class="wp-block-spacer"></div>



<p class="has-normal-font-size" style="font-style:normal;font-weight:300">Podľa všetkého trpím <strong>kritickým a analytickým myslením</strong>. Vždy sa snažím nájsť rozumné a praktické riešenia problémov.</p>



<div style="height:" aria-hidden="true" class="wp-block-spacer"></div>



<p class="has-normal-font-size" style="font-style:normal;font-weight:300">Prakticky polovicu života som sa venovala basketbalu. Okrem iného ma naučil <strong>spolupracovať </strong>s ostatnými, navzájom sa <strong>podporovať a spoliehať </strong>sa jeden na druhého.&nbsp;</p>



<div style="height:" aria-hidden="true" class="wp-block-spacer"></div>



<p class="has-normal-font-size" style="font-style:normal;font-weight:300">Hoci mi chýba dlhoročná prax, rozhodne mi nechýba <strong>chuť učiť sa</strong>. Momentálne pracujem pre medzinárodnú spoločnosť Alma Career, kde získavam stále nové skúsenosti z reálneho sveta.</p>



<p class="has-normal-font-size" style="font-style:normal;font-weight:300">V minulosti som uprednostňovala humanitné vedy a technológiám som sa skôr vyhýbala. Avšak, už som zistila, že ak sa tieto dve odvetvia spoja, môžu vzniknúť výnimočné inovácie prinášajúce mnohé benefity. </p>



<div style="height:10px" aria-hidden="true" class="wp-block-spacer"></div>



<div class="wp-block-columns is-layout-flex wp-container-core-columns-is-layout-28f84493 wp-block-columns-is-layout-flex">
<div class="wp-block-column is-layout-flow wp-block-column-is-layout-flow"></div>
</div>



<div style="height:10px" aria-hidden="true" class="wp-block-spacer"></div>



<div style="height:0px" aria-hidden="true" class="wp-block-spacer"></div>



<div class="wp-block-buttons alignwide is-content-justification-center is-layout-flex wp-container-core-buttons-is-layout-a00d4e8f wp-block-buttons-is-layout-flex"></div>



<figure class="wp-block-image alignfull size-large full-width"><img fetchpriority="high" decoding="async" width="1024" height="527" src="https://adrianavancova.eu/wp-content/uploads/Desktop-2-min-1024x527.png" alt="" class="wp-image-1744" srcset="https://adrianavancova.eu/wp-content/uploads/Desktop-2-min-1024x527.png 1024w, https://adrianavancova.eu/wp-content/uploads/Desktop-2-min-300x154.png 300w, https://adrianavancova.eu/wp-content/uploads/Desktop-2-min-768x395.png 768w, https://adrianavancova.eu/wp-content/uploads/Desktop-2-min.png 1440w" sizes="(max-width: 1024px) 100vw, 1024px" /></figure>

<p>Po dlhšej pracovnej odmlke som sa v živote dostala do bodu, kedy som sa túžila stať súčasťou IT sveta. I keď som urputne hľadala vstupnú bránu do &#8222;Narnie&#8220; informačných technológii, môj šatník ňou zjavne nebol. Preto mi ostávalo len na sebe pracovať a hľadať si vlastnú cestu. Zamilovala som si UX a Service Design. Mojím cieľom je navrhovať a tvoriť veci, ktoré sú v prvom rade ľahko použiteľné a prinášajúce hodnotu. Podľa všetkého trpím kritickým a analytickým myslením. Vždy sa snažím nájsť rozumné a praktické riešenia problémov. Prakticky polovicu života som sa venovala basketbalu. Okrem iného ma naučil spolupracovať s</p>
